{"id":2358,"date":"2019-12-31T15:15:17","date_gmt":"2019-12-31T12:15:17","guid":{"rendered":"http:\/\/oidb2024.atauni.edu.tr\/?page_id=2358"},"modified":"2024-05-13T11:06:07","modified_gmt":"2024-05-13T08:06:07","slug":"basvuru","status":"publish","type":"page","link":"https:\/\/oidb2024.atauni.edu.tr\/index.php\/basvuru\/","title":{"rendered":"Ba\u015fvuru ve Kay\u0131t"},"content":{"rendered":"<p>[vc_row][vc_column][vc_column_text]&nbsp;<\/p>\n<p>&nbsp;<\/p>\n<p>&nbsp;<\/p>\n<p>&nbsp;<\/p>\n<p>&nbsp;<\/p>\n<h1 style=\"text-align: center;\"><span style=\"font-size: 30px;\">De\u011ferli Kat\u0131l\u0131mc\u0131,<\/span><\/h1>\n<h1 style=\"text-align: center;\"><span style=\"font-size: 30px;\">Seyahat bilgilerinizde (konaklama, ula\u015f\u0131m vb) de\u011fi\u015fiklik olmas\u0131 halinde, <\/span><span style=\"font-size: 30px;\">de\u011fi\u015fiklik bilgilerinizi l\u00fctfen <\/span><a style=\"font-size: 30px;\" href=\"mailto:oidb2024@atauni.edu.tr\"><span style=\"color: #ff0000;\"><strong>oidb2024@atauni.edu.tr<\/strong><\/span><\/a><span style=\"font-size: 30px;\">\u00a0<\/span><span style=\"font-size: 30px;\">posta adresine <\/span><span style=\"font-size: 30px;\">bildiriniz.<\/span><\/h1>\n<p>[\/vc_column_text][\/vc_column][\/vc_row]<\/p>\n","protected":false},"excerpt":{"rendered":"<p>[vc_row][vc_column][vc_column_text]&nbsp; &nbsp; &nbsp; &nbsp; &nbsp; De\u011ferli Kat\u0131l\u0131mc\u0131, Seyahat bilgilerinizde (konaklama, ula\u015f\u0131m vb) de\u011fi\u015fiklik olmas\u0131 halinde, de\u011fi\u015fiklik bilgilerinizi l\u00fctfen oidb2024@atauni.edu.tr\u00a0posta adresine bildiriniz. [\/vc_column_text][\/vc_column][\/vc_row]<\/p>\n","protected":false},"author":1,"featured_media":0,"parent":0,"menu_order":0,"comment_status":"closed","ping_status":"closed","template":"","meta":{"footnotes":""},"class_list":["post-2358","page","type-page","status-publish","hentry"],"_links":{"self":[{"href":"https:\/\/oidb2024.atauni.edu.tr\/index.php\/wp-json\/wp\/v2\/pages\/2358","targetHints":{"allow":["GET"]}}],"collection":[{"href":"https:\/\/oidb2024.atauni.edu.tr\/index.php\/wp-json\/wp\/v2\/pages"}],"about":[{"href":"https:\/\/oidb2024.atauni.edu.tr\/index.php\/wp-json\/wp\/v2\/types\/page"}],"author":[{"embeddable":true,"href":"https:\/\/oidb2024.atauni.edu.tr\/index.php\/wp-json\/wp\/v2\/users\/1"}],"replies":[{"embeddable":true,"href":"https:\/\/oidb2024.atauni.edu.tr\/index.php\/wp-json\/wp\/v2\/comments?post=2358"}],"version-history":[{"count":29,"href":"https:\/\/oidb2024.atauni.edu.tr\/index.php\/wp-json\/wp\/v2\/pages\/2358\/revisions"}],"predecessor-version":[{"id":2510,"href":"https:\/\/oidb2024.atauni.edu.tr\/index.php\/wp-json\/wp\/v2\/pages\/2358\/revisions\/2510"}],"wp:attachment":[{"href":"https:\/\/oidb2024.atauni.edu.tr\/index.php\/wp-json\/wp\/v2\/media?parent=2358"}],"curies":[{"name":"wp","href":"https:\/\/api.w.org\/{rel}","templated":true}]}}